187aa75
5b220c (base 15) to base 5
2104022322
What is 11400414334 (base 5) in base 8?
62556571
-45515033 (base 6) to base 11
-872617
444763 (base 9) to base 12
109b10
Convert -202200220220201 (base 3) to base 15.
-e74987
143640 (base 13) to base 15
9b1e9
Convert -6103322 (base 10) to base 13.
-1359044
20332302 (base 5) to base 6
3332551
What is -25a7287 (base 12) in base 2?
-11100010111011011000111
What is 113222300 (base 4) in base 12?
48128
Convert -1b32609 (base 12) to base 6.
-324032013
2286c3 (base 13) to base 8
3076431
What is 1010101000011000 (base 2) in base 13?
16a87
What is -42202030 (base 5) in base 7?
-2656116
-120302211013 (base 4) to base 16
-632947
What is -2235724 (base 10) in base 3?
-11012120211121
-110012221002 (base 3) to base 10
-240518
What is 490024 (base 11) in base 15?
104dd4
Convert 490a96 (base 12) to base 2.
100100000111100010010
Convert b8063 (base 13) to base 4.
1101000310
What is 2303201 (base 4) in base 5?
331424
Convert 644276 (base 8) to base 14.
58618
Convert -772680 (base 10) to base 4.
-2330221020
-373730 (base 8) to base 2
-11111011111011000
120707 (base 10) to base 7
1011626
What is 563e2 (base 15) in base 3?
111221012212
Convert -1b8a051 (base 13) to base 11.
-5198238
Convert -2137821 (base 9) to base 11.
-714057
What is -1012112100000 (base 3) in base 7?
-5304531
What is 103025 (base 9) in base 8?
167513
Convert 70206 (base 12) to base 16.
23826
Convert 3133104 (base 7) to base 16.
5c4b7
-35ca85 (base 14) to base 5
-432344212
-100101111011001101 (base 2) to base 16
-25ecd
-138373 (base 16) to base 3
-2101222020021
What is 20221200201020 (base 3) in base 13?
9c4719
Convert -567574 (base 10) to base 13.
-16b457
What is d018c (base 16) in base 13?
23ac76
-2216643 (base 7) to base 14
-71a5a
-bdddc (base 14) to base 13
-131a9a
202212002021 (base 3) to base 6
12444224
700715 (base 8) to base 10
229837
-233021201001 (base 4) to base 14
-18da3cd
-100011000111101010010 (base 2) to base 6
-40355442
3c289 (base 15) to base 10
192954
-10212122201 (base 3) to base 12
-3819a
Convert -263112 (base 7) to base 4.
-23333103
What is -440111153 (base 6) in base 14?
-1083c85
Convert 24240421 (base 5) to base 12.
ab877
-30aaa (base 16) to base 13
-6c969
What is -2c239 (base 16) in base 11?
-113918
220203122 (base 5) to base 2
11100110100000100010
-3225922 (base 12) to base 3
-122220000012222
What is -73844 (base 12) in base 15?
-2ed7a
14077478 (base 9) to base 11
3a242a7
What is -48944 (base 14) in base 10?
-177440
-5ddd1 (base 15) to base 13
-a67b3
What is -b980 (base 13) in base 4?
-12103000
2661206 (base 8) to base 15
eb113
-504ac (base 13) to base 10
-143623
Convert 2345520 (base 10) to base 9.
4364403
72617654 (base 8) to base 15
15459b3
-69938 (base 12) to base 8
-423774
What is 155146 (base 9) in base 5?
11024442
What is -605873 (base 11) in base 16?
-edcb9
Convert -90435 (base 11) to base 15.
-292e6
Convert -abcca9 (base 13) to base 5.
-2014240012
-6747 (base 10) to base 9
-10226
What is 3231231033 (base 4) in base 6?
32511343
Convert -27c745 (base 15) to base 10.
-1915265
23b786a (base 12) to base 3
111002121011201
Convert -212012020111 (base 3) to base 5.
-104102104
-29619 (base 11) to base 7
-233320
What is -a35863 (base 14) in base 2?
-10101000000111011111111
2012021220 (base 3) to base 9
65256
What is 3542661 (base 7) in base 6?
13332133
2620128 (base 10) to base 3
11221010010210
Convert -22010222322 (base 4) to base 9.
-4864156
Convert -1314132525 (base 6) to base 12.
-5281145
58757 (base 9) to base 4
21211120
27386 (base 14) to base 5
11043441
Convert 2730049 (base 10) to base 12.
ab7a81
Convert -25551 (base 11) to base 5.
-2132343
Convert -1202202221 (base 3) to base 9.
-52687
-31211201202 (base 4) to base 2
-1101100101100001100010
Convert 756701 (base 9) to base 5.
103413330
Convert -400000 (base 5) to base 6.
-133512
2c5598 (base 13) to base 5
240103043
What is 13234654 (base 8) in base 10?
2963884
Convert -1984370 (base 11) to base 7.
-40265005
What is -220502210 (base 6) in base 13?
-a87a07
Convert -11021111100 (base 3) to base 5.
-10143240
-1950993 (base 14) to base 2
-101111111011010111010101
What is 7416531 (base 8) in base 7?
22526626
Convert 1a4638 (base 11) to base 10.
313552
Convert 212052323 (base 6) to base 9.
7028576
What is -2244551 (base 6) in base 16?
-1c1b3
What is -1341014210 (base 5) in base 4?
-31023111201
What is -48d908 (base 14) in base 6?
-125255512
Convert 2255902 (base 10) to base 2.
1000100110110000011110
Convert -10a202 (base 11) to base 12.
-85065
Convert 679932 (base 10) to base 11.
424930
What is -3321220 (base 6) in base 3?
-22102222010
Convert -145e (base 16) to base 14.
-1c86
-27364177 (base 9) to base 13
-2a4b3a9
Convert a31b (base 13) to base 4.
11133211
What is -c1e33 (base 15) in base 16?
-95eb9
Convert 838319 (base 10) to base 15.
1185ce
Convert -312501 (base 10) to base 4.
-1030102311
Convert 1100101111001001 (base 2) to base 6.
1041305
Convert -4360432 (base 7) to base 11.
-336488
Convert -2630343 (base 7) to base 4.
-1103313201
32148127 (base 9) to base 7
245526211
Convert -1001001111001111000 (base 2) to base 14.
-7c464
-63c5 (base 16) to base 8
-61705
Convert -32b67b (base 13) to base 9.
-2222884
-17ab55 (base 12) to base 8
-1446361
What is -6b210 (base 13) in base 3?
-100221200222
244050210 (base 6) to base 13
c777ba
Convert 18ba817 (base 12) to base 2.
10011111011001100010011
Convert cb0b7 (base 15) to base 10.
644797
Convert -106676 (base 8) to base 4.
-20312332
Convert -112314424 (base 5) to base 4.
-1330222112
-40255141 (base 6) to base 15
-178997
20642275 (base 8) to base 7
52320540
What is 7332f (base 16) in base 5?
110044410
What is 10101001110001101 (base 2) in base 7?
511266
Convert 13102401 (base 5) to base 12.
62424
What is 337062 (base 8) in base 10?
114226
What is 2220101201 (base 3) in base 11?
39a36
What is -9a7ad (base 16) in base 14?
-126845
Convert -10100011110101011101010 (base 2) to base 10.
-5368554
Convert -43a2b3 (base 12) to base 9.
-2017850
What is -510b8 (base 15) in base 2?
-111110101010100001
Convert 2bdb (base 16) to base 9.
16354
What is 1403575 (base 8) in base 13?
10ab0b
Convert 1842684 (base 9) to base 12.
419341
Convert -14013 (base 16) to base 3.
-11011101210
4101035 (base 6) to base 7
1440314
What is -cab1 (base 14) in base 3?
-1210001220
Convert 1a128e (base 15) to base 11.
797948
-87899 (base 10) to base 6
-1514535
What is 389524 (base 10) in base 3?
201210022211
Convert -11163 (base 14) to base 10.
-41443
What is -271432 (base 16) in base 11?
-149a19a
Convert -32332303202 (base 4) to base 3.
-21101112012022
Convert 10100100001010011 (base 2) to base 6.
1445043
What is -2212032 (base 4) in base 9?
-15530
Convert -101101000101000001111 (base 2) to base 8.
-5505017
What is 30011213 (base 5) in base 10?
235183
Convert -7d479 (base 16) to base 15.
-a209a
What is 11313111032 (base 4) in base 15?
2057a8
Convert -1323120210 (base 4) to base 13.
-149055
-557275 (base 9) to base 7
-2555651
1a14a (base 12) to base 11
26794
What is 70971 (base 11) in base 15?
20aa4
Convert -1443010 (base 6) to base 16.
-1468e
397908 (base 14) to base 10
1980196
-1693690 (base 10) to base 8
-6353772
Convert -4477b4 (base 12) to base 14.
-205ad2
What is -111013010 (base 4) in base 10?
-86468
Convert 122231505 (base 6) to base 8.
10763001
What is 45459 (base 10) in base 14?
127d1
What is 11011101101101001001 (base 2) in base 3?
1201010200112
What is -2211121002021 (base 3) in base 6?
-52151441
Convert -10265522 (base 7) to base 4.
-3111101003
1169 (base 15) to base 13
18b7
What is -13112403 (base 6) in base 16?
-68df3
Convert 5734 (base 8) to base 2.
101111011100
Convert 13105733 (base 10) to base 14.
1a521db
16266815 (base 10) to base 11
9200554
-130303 (base 11) to base 13
-72605
What is -20222020100101 (base 3) in base 15?
-4d2bc1
What is 23243523 (base 9) in base 14?
17049c4
Convert -1210122234 (base 5) to base 9.
-5263415
Convert 1111111100010110 (base 2) to base 16.
ff16
-93606e (base 16) to base 6
-543003102
4042231 (base 5) to base 7
361266
What is -261317 (base 11) in base 9?
-686620
What is -53a254 (base 11) in base 6?
-30254221
Convert -69903a (base 14) to base 3.
-20202202202101
Convert 100132032102 (base 4) to base 13.
b825b5
What is 10317